{"id":139,"date":"2017-11-08T15:06:33","date_gmt":"2017-11-08T13:06:33","guid":{"rendered":"http:\/\/kultur-josefstadt.at\/?page_id=139"},"modified":"2021-08-31T13:52:46","modified_gmt":"2021-08-31T11:52:46","slug":"sommerkino-ab-1996","status":"publish","type":"page","link":"http:\/\/kultur-josefstadt.at\/?page_id=139","title":{"rendered":"Fixpunkte im Jahresprogramm"},"content":{"rendered":"\n<p><\/p>\n\n\n\n<p>Neben den wechselnden Veranstaltungen gibt es einige Fixpunkte im Jahresprogramm des Kulturvereins, die schon seit Jahrzehnten von uns veranstaltet werden:<\/p>\n\n\n\n<h2 class=\"wp-block-heading\"><span lang=\"DE\">Sommerkino am Jodok-Fink-Platz <\/span><\/h2>\n\n\n\n<p><span lang=\"DE\">Seit 1996 findet j\u00e4hrlich am Piaristenplatz das Sommerkino statt. Es geh\u00f6rt damit zu den \u00e4ltesten Freiluftkinoveranstaltungen Wiens und ist inzwischen zu einer Institution geworden. Es ist dies eine Veranstaltung in Zusammenarbeit mit der St. Balbach Art Produktion.<\/span><\/p>\n\n\n\n<p>Das Sommerkino findet meist Ende Juni Anfang Juli f\u00fcr 4 Abende zu einem bestimmten Themenschwerpunkt statt. Platz ist vor der Leinwand und den angrenzenden Schanig\u00e4rten f\u00fcr bis zu 500 CineastInnen vor der beeindruckenden Kulisse der Maria-Treu-Kirche.<\/p>\n\n\n\n<hr class=\"wp-block-separator\"\/>\n\n\n\n<hr class=\"wp-block-separator\"\/>\n\n\n\n<h2 class=\"wp-block-heading\"><span lang=\"DE\">Kirchenkonzerte <\/span>in der Maria-Treu-Kirche<\/h2>\n\n\n\n<p><span lang=\"DE\">Traditionell sind auch die&nbsp;Konzerte in der Kirche Maria Treu. Bereits 1980 gab es dort&nbsp;das erste Kirchenkonzert mit der Messe von Paul&nbsp;HINDEMITH. Im Laufe der Jahrzehnte reicht der Streifzug von Werken von Emilio DE CAVALIEREI \u00fcber W. A.&nbsp;MOZART, SCHUBERT, BACH, bis hin zu Joseph HAYDN, Jen\u00f6 TAKACS, TSCHAIKOVSKY und Yasushi AKUTAGAWA&nbsp;.<\/span><\/p>\n\n\n\n<hr class=\"wp-block-separator\"\/>\n\n\n\n<hr class=\"wp-block-separator\"\/>\n\n\n\n<h2 class=\"wp-block-heading\"><span lang=\"DE\">im-achten-herum<\/span> &#8211; Atelierrundg\u00e4nge<\/h2>\n\n\n\n<p><span lang=\"DE\">2011 fanden erstmals die Atelierrundg\u00e4nge  \u201eim achten herum\u201c statt. Im Rahmen des Projektes \u00f6ffnen K\u00fcnstlerInnen und KunsthandwerkerInnen in der Josefstadt  ihre Ateliers und Werkst\u00e4tten f\u00fcr BesucherInnen ein Wochenende lang. Sie pr\u00e4sentieren ihre Arbeiten<\/span> und stehen f\u00fcr Fragen und Austausch zur Verf\u00fcgung.<\/p>\n\n\n\n<p><span lang=\"DE\">Dieses Kulturprojekt soll einerseits die Teilhabe der B\u00fcrgerInnen an Kultur, aber auch die Bekanntheit der lokalen Kunstschaffenden f\u00f6rdern und Begegnung und Vernetzung erm\u00f6glichen. <\/span><\/p>\n\n\n\n<p>Er\u00f6ffnet wird die Wochenend-Veranstaltung am Freitag Abend mit musikalischem Rahmen und der M\u00f6glichkeit f\u00fcr K\u00fcnstlerInnen ohne Atelier in der Josefstadt, ihre Arbeiten dort zu pr\u00e4sentieren.  <\/p>\n\n\n\n<p><a href=\"https:\/\/www.instagram.com\/im_achten_herum\/?fbclid=IwAR2w7sdpiAXgKy0pJd9MU0-lVPpNnAp7VuxRXxO3weGQW3aMy_Zilt8rHMU\">Atelierrundg\u00e4nge auf Instagram<\/a><\/p>\n","protected":false},"excerpt":{"rendered":"<p>Neben den wechselnden Veranstaltungen gibt es einige Fixpunkte im Jahresprogramm des Kulturvereins, die schon seit Jahrzehnten von uns veranstaltet werden: Sommerkino am Jodok-Fink-Platz Seit 1996 findet j\u00e4hrlich am Piaristenplatz das Sommerkino statt. Es geh\u00f6rt damit zu den \u00e4ltesten Freiluftkinoveranstaltungen Wiens und ist inzwischen zu einer Institution geworden. Es ist dies eine Veranstaltung in Zusammenarbeit mit &hellip; <a href=\"http:\/\/kultur-josefstadt.at\/?page_id=139\" class=\"more-link\"><span class=\"screen-reader-text\">Fixpunkte im Jahresprogramm<\/span> weiterlesen<\/a><\/p>\n","protected":false},"author":1,"featured_media":0,"parent":0,"menu_order":0,"comment_status":"closed","ping_status":"closed","template":"","meta":[],"jetpack-related-posts":[{"id":30,"url":"http:\/\/kultur-josefstadt.at\/","url_meta":{"origin":139,"position":0},"title":"Aktuelles","author":"admin","date":"6. November 2017","format":false,"excerpt":"30. Mai 2026, 19 Uhr \"Schm\u00e4h vo\u00b4gestern\" - Heitere Lieder und gef\u00e4llige Melodien mit Robert Fontane & seinen Schm\u00e4htandlern Wienerlieder, Chansons und Schlager des 20. Jahrhunderts im Spannungsfeld zwischen Nostalgie, Humor und kritischer Distanz Mit Werken von Georg Kreisler, Hans Lang und anderen pr\u00e4genden Pers\u00f6nlichkeiten der deutschsprachigen Popul\u00e4rmusik. Die Veranstaltung\u2026","rel":"","context":"\u00c4hnlicher Beitrag","block_context":{"text":"\u00c4hnlicher Beitrag","link":""},"img":{"alt_text":"","src":"https:\/\/i0.wp.com\/kultur-josefstadt.at\/wp-content\/uploads\/2026\/04\/Schmaeh-Plakat-Version-3-scaled.jpg?resize=350%2C200","width":350,"height":200},"classes":[]},{"id":2,"url":"http:\/\/kultur-josefstadt.at\/?page_id=2","url_meta":{"origin":139,"position":1},"title":"Kultur seit 1979","author":"admin","date":"10. Mai 2016","format":false,"excerpt":"Gegr\u00fcndet 1979 ist unser Verein der \u00e4lteste Josefst\u00e4dter Kulturverein im Rahmen des Wiener Volksbildungswerkes. Unsere Motivation hat sich seit der Gr\u00fcndung vor mehr als 40 Jahren nicht ge\u00e4ndert: Wir setzen uns f\u00fcr ein vielf\u00e4ltiges, niederschwelliges und kostenloses Kulturangebot in der Josefstadt ein. Immer wieder arbeiten wir dabei auch mit anderen\u2026","rel":"","context":"\u00c4hnlicher Beitrag","block_context":{"text":"\u00c4hnlicher Beitrag","link":""},"img":{"alt_text":"","src":"https:\/\/i0.wp.com\/kultur-josefstadt.at\/wp-content\/uploads\/2017\/11\/20171128_125114_hp-300x259.jpg?resize=350%2C200","width":350,"height":200},"classes":[]},{"id":526,"url":"http:\/\/kultur-josefstadt.at\/?page_id=526","url_meta":{"origin":139,"position":2},"title":"Archiv","author":"admin","date":"9. Dezember 2021","format":false,"excerpt":"Das sind vergangene Veranstaltungen des Kulturvereins. 9. Dezember 2025, 19:30 Uhr: Adventkonzert des Kulturvereins Josefstadt Machet die Tore weit Wenn sich das Jahr dem Ende zuneigt und die Stadt im warmen Lichterglanz erstrahlt, l\u00e4dt derKulturverein Josefstadt\u00a0zu einem besonderen musikalischen Abend ein: Am\u00a0Dienstag, dem 9. Dezember 2025, 19.30 Uhr erklingen im\u00a0Calasanzsaal\u2026","rel":"","context":"\u00c4hnlicher Beitrag","block_context":{"text":"\u00c4hnlicher Beitrag","link":""},"img":{"alt_text":"","src":"https:\/\/i0.wp.com\/kultur-josefstadt.at\/wp-content\/uploads\/2023\/10\/IMG_4505-edited-rotated.jpeg?resize=350%2C200","width":350,"height":200},"classes":[]},{"id":398,"url":"http:\/\/kultur-josefstadt.at\/?page_id=398","url_meta":{"origin":139,"position":3},"title":"Newsletter","author":"admin","date":"11. Oktober 2021","format":false,"excerpt":"Sie sind interessiert an unserem Programm und m\u00f6chten zuk\u00fcnftig zu unseren Veranstaltungen eingeladen werden? Dann schreiben Sie uns bitte ein kurzes Mail an info@kultur-josefstadt.at Ank\u00fcndigungen unserer Veranstaltungen gibt es au\u00dferdem \u00fcber die Facebook-Seite des Kulturvereins.","rel":"","context":"\u00c4hnlicher Beitrag","block_context":{"text":"\u00c4hnlicher Beitrag","link":""},"img":{"alt_text":"","src":"","width":0,"height":0},"classes":[]},{"id":172,"url":"http:\/\/kultur-josefstadt.at\/?page_id=172","url_meta":{"origin":139,"position":4},"title":"SponsorInnen &#038; Spenden","author":"admin","date":"9. November 2017","format":false,"excerpt":"Als gemeinn\u00fctziger Verein finanzieren wir uns aus freiwilligen Spenden, Mitgliedsbeitr\u00e4gen und der freundlichen Unterst\u00fctzung unserer PartnerInnen und F\u00f6rdergeberInnen, denen wir an dieser Stelle herzlich danken. Spenden Wenn Sie den Kulturverein Freundinnen und Freunde der Josefstadt mit einer Spende unterst\u00fctzen m\u00f6chten, k\u00f6nnen Sie das hier:\u00a0 Bankverbindung: IBAN AT97 1200 0006 1124\u2026","rel":"","context":"\u00c4hnlicher Beitrag","block_context":{"text":"\u00c4hnlicher Beitrag","link":""},"img":{"alt_text":"","src":"https:\/\/i0.wp.com\/kultur-josefstadt.at\/wp-content\/uploads\/2022\/09\/Josefstadt-KUK-Logo-neu-bunt.png?resize=350%2C200","width":350,"height":200},"classes":[]},{"id":138,"url":"http:\/\/kultur-josefstadt.at\/?page_id=138","url_meta":{"origin":139,"position":5},"title":"Blitzlichter aus mehr als 40 Jahren","author":"admin","date":"8. November 2017","format":false,"excerpt":"\u00a0 Dixieland-Jazz am Hamerlingplatz Kulturgespr\u00e4ch mit Kulturstadtrat Dr. Helmut ZILK in der Alten Backstube Horst CHMELAR im\u00a0Festsaal der Gewerkschaft der Lebens- und Genussmittelarbeiter (Albertg. 35) Kulturwanderweg Josefstadt Zeichen und Malwettbewerbe f\u00fcr Kinder in Josefst\u00e4dter Schulen Spektakelzug der Volksschule Pfeilgasse zum Piaristenplatz BEZAHLT WIRD NICHT - Nicola FILIPPELLI, Dietlind MACHER, Heinz\u2026","rel":"","context":"\u00c4hnlicher Beitrag","block_context":{"text":"\u00c4hnlicher Beitrag","link":""},"img":{"alt_text":"","src":"https:\/\/i0.wp.com\/kultur-josefstadt.at\/wp-content\/uploads\/2017\/11\/20171128_125114_hp-300x259.jpg?resize=350%2C200","width":350,"height":200},"classes":[]}],"_links":{"self":[{"href":"http:\/\/kultur-josefstadt.at\/index.php?rest_route=\/wp\/v2\/pages\/139"}],"collection":[{"href":"http:\/\/kultur-josefstadt.at\/index.php?rest_route=\/wp\/v2\/pages"}],"about":[{"href":"http:\/\/kultur-josefstadt.at\/index.php?rest_route=\/wp\/v2\/types\/page"}],"author":[{"embeddable":true,"href":"http:\/\/kultur-josefstadt.at\/index.php?rest_route=\/wp\/v2\/users\/1"}],"replies":[{"embeddable":true,"href":"http:\/\/kultur-josefstadt.at\/index.php?rest_route=%2Fwp%2Fv2%2Fcomments&post=139"}],"version-history":[{"count":22,"href":"http:\/\/kultur-josefstadt.at\/index.php?rest_route=\/wp\/v2\/pages\/139\/revisions"}],"predecessor-version":[{"id":363,"href":"http:\/\/kultur-josefstadt.at\/index.php?rest_route=\/wp\/v2\/pages\/139\/revisions\/363"}],"wp:attachment":[{"href":"http:\/\/kultur-josefstadt.at\/index.php?rest_route=%2Fwp%2Fv2%2Fmedia&parent=139"}],"curies":[{"name":"wp","href":"https:\/\/api.w.org\/{rel}","templated":true}]}}

<p></p>



<p>Neben den wechselnden Veranstaltungen gibt es einige Fixpunkte im Jahresprogramm des Kulturvereins, die schon seit Jahrzehnten von uns veranstaltet werden:</p>



<h2 class="wp-block-heading"><span lang="DE">Sommerkino am Jodok-Fink-Platz </span></h2>



<p><span lang="DE">Seit 1996 findet jährlich am Piaristenplatz das Sommerkino statt. Es gehört damit zu den ältesten Freiluftkinoveranstaltungen Wiens und ist inzwischen zu einer Institution geworden. Es ist dies eine Veranstaltung in Zusammenarbeit mit der St. Balbach Art Produktion.</span></p>



<p>Das Sommerkino findet meist Ende Juni Anfang Juli für 4 Abende zu einem bestimmten Themenschwerpunkt statt. Platz ist vor der Leinwand und den angrenzenden Schanigärten für bis zu 500 CineastInnen vor der beeindruckenden Kulisse der Maria-Treu-Kirche.</p>



<hr class="wp-block-separator"/>



<hr class="wp-block-separator"/>



<h2 class="wp-block-heading"><span lang="DE">Kirchenkonzerte </span>in der Maria-Treu-Kirche</h2>



<p><span lang="DE">Traditionell sind auch die&nbsp;Konzerte in der Kirche Maria Treu. Bereits 1980 gab es dort&nbsp;das erste Kirchenkonzert mit der Messe von Paul&nbsp;HINDEMITH. Im Laufe der Jahrzehnte reicht der Streifzug von Werken von Emilio DE CAVALIEREI über W. A.&nbsp;MOZART, SCHUBERT, BACH, bis hin zu Joseph HAYDN, Jenö TAKACS, TSCHAIKOVSKY und Yasushi AKUTAGAWA&nbsp;.</span></p>



<hr class="wp-block-separator"/>



<hr class="wp-block-separator"/>



<h2 class="wp-block-heading"><span lang="DE">im-achten-herum</span> &#8211; Atelierrundgänge</h2>



<p><span lang="DE">2011 fanden erstmals die Atelierrundgänge  „im achten herum“ statt. Im Rahmen des Projektes öffnen KünstlerInnen und KunsthandwerkerInnen in der Josefstadt  ihre Ateliers und Werkstätten für BesucherInnen ein Wochenende lang. Sie präsentieren ihre Arbeiten</span> und stehen für Fragen und Austausch zur Verfügung.</p>



<p><span lang="DE">Dieses Kulturprojekt soll einerseits die Teilhabe der BürgerInnen an Kultur, aber auch die Bekanntheit der lokalen Kunstschaffenden fördern und Begegnung und Vernetzung ermöglichen. </span></p>



<p>Eröffnet wird die Wochenend-Veranstaltung am Freitag Abend mit musikalischem Rahmen und der Möglichkeit für KünstlerInnen ohne Atelier in der Josefstadt, ihre Arbeiten dort zu präsentieren.  </p>



<p><a href="https://www.instagram.com/im_achten_herum/?fbclid=IwAR2w7sdpiAXgKy0pJd9MU0-lVPpNnAp7VuxRXxO3weGQW3aMy_Zilt8rHMU">Atelierrundgänge auf Instagram</a></p>

<p>Neben den wechselnden Veranstaltungen gibt es einige Fixpunkte im Jahresprogramm des Kulturvereins, die schon seit Jahrzehnten von uns veranstaltet werden: Sommerkino am Jodok-Fink-Platz Seit 1996 findet jährlich am Piaristenplatz das Sommerkino statt. Es gehört damit zu den ältesten Freiluftkinoveranstaltungen Wiens und ist inzwischen zu einer Institution geworden. Es ist dies eine Veranstaltung in Zusammenarbeit mit &hellip; <a href="http://kultur-josefstadt.at/?page_id=139" class="more-link"><span class="screen-reader-text">Fixpunkte im Jahresprogramm</span> weiterlesen</a></p>

30. Mai 2026, 19 Uhr "Schmäh vo´gestern" - Heitere Lieder und gefällige Melodien mit Robert Fontane & seinen Schmähtandlern Wienerlieder, Chansons und Schlager des 20. Jahrhunderts im Spannungsfeld zwischen Nostalgie, Humor und kritischer Distanz Mit Werken von Georg Kreisler, Hans Lang und anderen prägenden Persönlichkeiten der deutschsprachigen Populärmusik. Die Veranstaltung…

Ähnlicher Beitrag

Gegründet 1979 ist unser Verein der älteste Josefstädter Kulturverein im Rahmen des Wiener Volksbildungswerkes. Unsere Motivation hat sich seit der Gründung vor mehr als 40 Jahren nicht geändert: Wir setzen uns für ein vielfältiges, niederschwelliges und kostenloses Kulturangebot in der Josefstadt ein. Immer wieder arbeiten wir dabei auch mit anderen…

Das sind vergangene Veranstaltungen des Kulturvereins. 9. Dezember 2025, 19:30 Uhr: Adventkonzert des Kulturvereins Josefstadt Machet die Tore weit Wenn sich das Jahr dem Ende zuneigt und die Stadt im warmen Lichterglanz erstrahlt, lädt derKulturverein Josefstadt zu einem besonderen musikalischen Abend ein: Am Dienstag, dem 9. Dezember 2025, 19.30 Uhr erklingen im Calasanzsaal…

Sie sind interessiert an unserem Programm und möchten zukünftig zu unseren Veranstaltungen eingeladen werden? Dann schreiben Sie uns bitte ein kurzes Mail an info@kultur-josefstadt.at Ankündigungen unserer Veranstaltungen gibt es außerdem über die Facebook-Seite des Kulturvereins.

Als gemeinnütziger Verein finanzieren wir uns aus freiwilligen Spenden, Mitgliedsbeiträgen und der freundlichen Unterstützung unserer PartnerInnen und FördergeberInnen, denen wir an dieser Stelle herzlich danken. Spenden Wenn Sie den Kulturverein Freundinnen und Freunde der Josefstadt mit einer Spende unterstützen möchten, können Sie das hier:  Bankverbindung: IBAN AT97 1200 0006 1124…

Dixieland-Jazz am Hamerlingplatz Kulturgespräch mit Kulturstadtrat Dr. Helmut ZILK in der Alten Backstube Horst CHMELAR im Festsaal der Gewerkschaft der Lebens- und Genussmittelarbeiter (Albertg. 35) Kulturwanderweg Josefstadt Zeichen und Malwettbewerbe für Kinder in Josefstädter Schulen Spektakelzug der Volksschule Pfeilgasse zum Piaristenplatz BEZAHLT WIRD NICHT - Nicola FILIPPELLI, Dietlind MACHER, Heinz…
