{"id":398,"date":"2021-10-11T12:31:48","date_gmt":"2021-10-11T10:31:48","guid":{"rendered":"http:\/\/kultur-josefstadt.at\/?page_id=398"},"modified":"2022-01-04T15:08:00","modified_gmt":"2022-01-04T13:08:00","slug":"newsletter","status":"publish","type":"page","link":"http:\/\/kultur-josefstadt.at\/?page_id=398","title":{"rendered":"Newsletter"},"content":{"rendered":"\n<p><\/p>\n\n\n\n<p>Sie sind interessiert an unserem Programm und m\u00f6chten zuk\u00fcnftig zu unseren Veranstaltungen eingeladen werden? <\/p>\n\n\n\n<p>Dann schreiben Sie uns bitte ein kurzes Mail an <a href=\"mailto:info@kultur-josefstadt.at\">info@kultur-josefstadt.at<\/a> <\/p>\n\n\n\n<p>Ank\u00fcndigungen unserer Veranstaltungen gibt es au\u00dferdem \u00fcber die <a href=\"https:\/\/www.facebook.com\/KulturvereinFreundInnenderJosefstadt\">Facebook-Seite<\/a> des Kulturvereins.<\/p>\n\n\n\n<p><\/p>\n","protected":false},"excerpt":{"rendered":"<p>Sie sind interessiert an unserem Programm und m\u00f6chten zuk\u00fcnftig zu unseren Veranstaltungen eingeladen werden? Dann schreiben Sie uns bitte ein kurzes Mail an info@kultur-josefstadt.at Ank\u00fcndigungen unserer Veranstaltungen gibt es au\u00dferdem \u00fcber die Facebook-Seite des Kulturvereins.<\/p>\n","protected":false},"author":1,"featured_media":0,"parent":0,"menu_order":4,"comment_status":"closed","ping_status":"closed","template":"","meta":[],"jetpack-related-posts":[{"id":139,"url":"http:\/\/kultur-josefstadt.at\/?page_id=139","url_meta":{"origin":398,"position":0},"title":"Fixpunkte im Jahresprogramm","author":"admin","date":"8. November 2017","format":false,"excerpt":"Neben den wechselnden Veranstaltungen gibt es einige Fixpunkte im Jahresprogramm des Kulturvereins, die schon seit Jahrzehnten von uns veranstaltet werden: Sommerkino am Jodok-Fink-Platz Seit 1996 findet j\u00e4hrlich am Piaristenplatz das Sommerkino statt. Es geh\u00f6rt damit zu den \u00e4ltesten Freiluftkinoveranstaltungen Wiens und ist inzwischen zu einer Institution geworden. Es ist dies\u2026","rel":"","context":"\u00c4hnlicher Beitrag","block_context":{"text":"\u00c4hnlicher Beitrag","link":""},"img":{"alt_text":"","src":"","width":0,"height":0},"classes":[]},{"id":2,"url":"http:\/\/kultur-josefstadt.at\/?page_id=2","url_meta":{"origin":398,"position":1},"title":"Kultur seit 1979","author":"admin","date":"10. Mai 2016","format":false,"excerpt":"Gegr\u00fcndet 1979 ist unser Verein der \u00e4lteste Josefst\u00e4dter Kulturverein im Rahmen des Wiener Volksbildungswerkes. Unsere Motivation hat sich seit der Gr\u00fcndung vor mehr als 40 Jahren nicht ge\u00e4ndert: Wir setzen uns f\u00fcr ein vielf\u00e4ltiges, niederschwelliges und kostenloses Kulturangebot in der Josefstadt ein. Immer wieder arbeiten wir dabei auch mit anderen\u2026","rel":"","context":"\u00c4hnlicher Beitrag","block_context":{"text":"\u00c4hnlicher Beitrag","link":""},"img":{"alt_text":"","src":"https:\/\/i0.wp.com\/kultur-josefstadt.at\/wp-content\/uploads\/2017\/11\/20171128_125114_hp-300x259.jpg?resize=350%2C200","width":350,"height":200},"classes":[]},{"id":30,"url":"http:\/\/kultur-josefstadt.at\/","url_meta":{"origin":398,"position":2},"title":"Aktuelles","author":"admin","date":"6. November 2017","format":false,"excerpt":"30. Mai 2026, 19 Uhr \"Schm\u00e4h vo\u00b4gestern\" - Heitere Lieder und gef\u00e4llige Melodien mit Robert Fontane & seinen Schm\u00e4htandlern Wienerlieder, Chansons und Schlager des 20. Jahrhunderts im Spannungsfeld zwischen Nostalgie, Humor und kritischer Distanz Mit Werken von Georg Kreisler, Hans Lang und anderen pr\u00e4genden Pers\u00f6nlichkeiten der deutschsprachigen Popul\u00e4rmusik. Die Veranstaltung\u2026","rel":"","context":"\u00c4hnlicher Beitrag","block_context":{"text":"\u00c4hnlicher Beitrag","link":""},"img":{"alt_text":"","src":"https:\/\/i0.wp.com\/kultur-josefstadt.at\/wp-content\/uploads\/2026\/04\/Schmaeh-Plakat-Version-3-scaled.jpg?resize=350%2C200","width":350,"height":200},"classes":[]},{"id":172,"url":"http:\/\/kultur-josefstadt.at\/?page_id=172","url_meta":{"origin":398,"position":3},"title":"SponsorInnen &#038; Spenden","author":"admin","date":"9. November 2017","format":false,"excerpt":"Als gemeinn\u00fctziger Verein finanzieren wir uns aus freiwilligen Spenden, Mitgliedsbeitr\u00e4gen und der freundlichen Unterst\u00fctzung unserer PartnerInnen und F\u00f6rdergeberInnen, denen wir an dieser Stelle herzlich danken. Spenden Wenn Sie den Kulturverein Freundinnen und Freunde der Josefstadt mit einer Spende unterst\u00fctzen m\u00f6chten, k\u00f6nnen Sie das hier:\u00a0 Bankverbindung: IBAN AT97 1200 0006 1124\u2026","rel":"","context":"\u00c4hnlicher Beitrag","block_context":{"text":"\u00c4hnlicher Beitrag","link":""},"img":{"alt_text":"","src":"https:\/\/i0.wp.com\/kultur-josefstadt.at\/wp-content\/uploads\/2022\/09\/Josefstadt-KUK-Logo-neu-bunt.png?resize=350%2C200","width":350,"height":200},"classes":[]},{"id":138,"url":"http:\/\/kultur-josefstadt.at\/?page_id=138","url_meta":{"origin":398,"position":4},"title":"Blitzlichter aus mehr als 40 Jahren","author":"admin","date":"8. November 2017","format":false,"excerpt":"\u00a0 Dixieland-Jazz am Hamerlingplatz Kulturgespr\u00e4ch mit Kulturstadtrat Dr. Helmut ZILK in der Alten Backstube Horst CHMELAR im\u00a0Festsaal der Gewerkschaft der Lebens- und Genussmittelarbeiter (Albertg. 35) Kulturwanderweg Josefstadt Zeichen und Malwettbewerbe f\u00fcr Kinder in Josefst\u00e4dter Schulen Spektakelzug der Volksschule Pfeilgasse zum Piaristenplatz BEZAHLT WIRD NICHT - Nicola FILIPPELLI, Dietlind MACHER, Heinz\u2026","rel":"","context":"\u00c4hnlicher Beitrag","block_context":{"text":"\u00c4hnlicher Beitrag","link":""},"img":{"alt_text":"","src":"https:\/\/i0.wp.com\/kultur-josefstadt.at\/wp-content\/uploads\/2017\/11\/20171128_125114_hp-300x259.jpg?resize=350%2C200","width":350,"height":200},"classes":[]},{"id":526,"url":"http:\/\/kultur-josefstadt.at\/?page_id=526","url_meta":{"origin":398,"position":5},"title":"Archiv","author":"admin","date":"9. Dezember 2021","format":false,"excerpt":"Das sind vergangene Veranstaltungen des Kulturvereins. 9. Dezember 2025, 19:30 Uhr: Adventkonzert des Kulturvereins Josefstadt Machet die Tore weit Wenn sich das Jahr dem Ende zuneigt und die Stadt im warmen Lichterglanz erstrahlt, l\u00e4dt derKulturverein Josefstadt\u00a0zu einem besonderen musikalischen Abend ein: Am\u00a0Dienstag, dem 9. Dezember 2025, 19.30 Uhr erklingen im\u00a0Calasanzsaal\u2026","rel":"","context":"\u00c4hnlicher Beitrag","block_context":{"text":"\u00c4hnlicher Beitrag","link":""},"img":{"alt_text":"","src":"https:\/\/i0.wp.com\/kultur-josefstadt.at\/wp-content\/uploads\/2023\/10\/IMG_4505-edited-rotated.jpeg?resize=350%2C200","width":350,"height":200},"classes":[]}],"_links":{"self":[{"href":"http:\/\/kultur-josefstadt.at\/index.php?rest_route=\/wp\/v2\/pages\/398"}],"collection":[{"href":"http:\/\/kultur-josefstadt.at\/index.php?rest_route=\/wp\/v2\/pages"}],"about":[{"href":"http:\/\/kultur-josefstadt.at\/index.php?rest_route=\/wp\/v2\/types\/page"}],"author":[{"embeddable":true,"href":"http:\/\/kultur-josefstadt.at\/index.php?rest_route=\/wp\/v2\/users\/1"}],"replies":[{"embeddable":true,"href":"http:\/\/kultur-josefstadt.at\/index.php?rest_route=%2Fwp%2Fv2%2Fcomments&post=398"}],"version-history":[{"count":4,"href":"http:\/\/kultur-josefstadt.at\/index.php?rest_route=\/wp\/v2\/pages\/398\/revisions"}],"predecessor-version":[{"id":545,"href":"http:\/\/kultur-josefstadt.at\/index.php?rest_route=\/wp\/v2\/pages\/398\/revisions\/545"}],"wp:attachment":[{"href":"http:\/\/kultur-josefstadt.at\/index.php?rest_route=%2Fwp%2Fv2%2Fmedia&parent=398"}],"curies":[{"name":"wp","href":"https:\/\/api.w.org\/{rel}","templated":true}]}}

<p></p>



<p>Sie sind interessiert an unserem Programm und möchten zukünftig zu unseren Veranstaltungen eingeladen werden? </p>



<p>Dann schreiben Sie uns bitte ein kurzes Mail an <a href="mailto:info@kultur-josefstadt.at">info@kultur-josefstadt.at</a> </p>



<p>Ankündigungen unserer Veranstaltungen gibt es außerdem über die <a href="https://www.facebook.com/KulturvereinFreundInnenderJosefstadt">Facebook-Seite</a> des Kulturvereins.</p>



<p></p>

<p>Sie sind interessiert an unserem Programm und möchten zukünftig zu unseren Veranstaltungen eingeladen werden? Dann schreiben Sie uns bitte ein kurzes Mail an info@kultur-josefstadt.at Ankündigungen unserer Veranstaltungen gibt es außerdem über die Facebook-Seite des Kulturvereins.</p>

Neben den wechselnden Veranstaltungen gibt es einige Fixpunkte im Jahresprogramm des Kulturvereins, die schon seit Jahrzehnten von uns veranstaltet werden: Sommerkino am Jodok-Fink-Platz Seit 1996 findet jährlich am Piaristenplatz das Sommerkino statt. Es gehört damit zu den ältesten Freiluftkinoveranstaltungen Wiens und ist inzwischen zu einer Institution geworden. Es ist dies…

Ähnlicher Beitrag

Gegründet 1979 ist unser Verein der älteste Josefstädter Kulturverein im Rahmen des Wiener Volksbildungswerkes. Unsere Motivation hat sich seit der Gründung vor mehr als 40 Jahren nicht geändert: Wir setzen uns für ein vielfältiges, niederschwelliges und kostenloses Kulturangebot in der Josefstadt ein. Immer wieder arbeiten wir dabei auch mit anderen…

30. Mai 2026, 19 Uhr "Schmäh vo´gestern" - Heitere Lieder und gefällige Melodien mit Robert Fontane & seinen Schmähtandlern Wienerlieder, Chansons und Schlager des 20. Jahrhunderts im Spannungsfeld zwischen Nostalgie, Humor und kritischer Distanz Mit Werken von Georg Kreisler, Hans Lang und anderen prägenden Persönlichkeiten der deutschsprachigen Populärmusik. Die Veranstaltung…

Als gemeinnütziger Verein finanzieren wir uns aus freiwilligen Spenden, Mitgliedsbeiträgen und der freundlichen Unterstützung unserer PartnerInnen und FördergeberInnen, denen wir an dieser Stelle herzlich danken. Spenden Wenn Sie den Kulturverein Freundinnen und Freunde der Josefstadt mit einer Spende unterstützen möchten, können Sie das hier:  Bankverbindung: IBAN AT97 1200 0006 1124…

Dixieland-Jazz am Hamerlingplatz Kulturgespräch mit Kulturstadtrat Dr. Helmut ZILK in der Alten Backstube Horst CHMELAR im Festsaal der Gewerkschaft der Lebens- und Genussmittelarbeiter (Albertg. 35) Kulturwanderweg Josefstadt Zeichen und Malwettbewerbe für Kinder in Josefstädter Schulen Spektakelzug der Volksschule Pfeilgasse zum Piaristenplatz BEZAHLT WIRD NICHT - Nicola FILIPPELLI, Dietlind MACHER, Heinz…

Das sind vergangene Veranstaltungen des Kulturvereins. 9. Dezember 2025, 19:30 Uhr: Adventkonzert des Kulturvereins Josefstadt Machet die Tore weit Wenn sich das Jahr dem Ende zuneigt und die Stadt im warmen Lichterglanz erstrahlt, lädt derKulturverein Josefstadt zu einem besonderen musikalischen Abend ein: Am Dienstag, dem 9. Dezember 2025, 19.30 Uhr erklingen im Calasanzsaal…
